1
What is (-2 + -2 - (-14 - -8)) + -11?
-9
Calculate 6 + (-4 - -2) + 5 + -9 + 10.
10
What is the value of -86 - -82 - (-10 - 3)?
9
-6 + 10 + (3 - 0)
7
-1 + (36 - 28 - (-3 - (-17 - 5)))
-12
Calculate 42 - 6 - (-150 - -196).
-10
Calculate (-16 - (6 + -5)) + (-2 + -3 - 1).
-23
What is the value of 10 + (21 - 47) - (-1 - -1)?
-16
Evaluate 5 + -3 - 1 - (-25 + (22 - -1)).
3
What is the value of 9 + 8 + -16 + -21 + 14?
-6
What is (-5 - (3 + -5)) + 17?
14
-3 + (-5 + (-8 - (7 + -18)) - 3)
-8
What is the value of 4 + -4 + 18 + -9?
9
Evaluate (-40 - -45) + 1 + -19 + -3.
-16
-3 + 4 + -4 + 12 - (-43 + 68)
-16
Calculate -5 + (-9 - -31) + 23.
40
Calculate 3 + (7 - (-2 - -20 - (1 - 6))).
-13
What is -9 + (-5 - -3 - 3 - -10) + -11?
-15
What is the value of 7 + -8 + 1 + -6?
-6
What is 18 - (9 + 20) - -6 - (0 - 8)?
3
1 - -2 - (0 + -1 + -6 + 6)
4
Calculate (3 - (14 - 18 - 10)) + 14.
31
Calculate 12 - 1 - (111 + -50 + -45).
-5
What is (2 - (5 + (-11 - -7) - -1)) + 3?
3
What is 26 + -39 - ((10 - 9) + -2 + 3)?
-15
Calculate 29 + (44 - 67) - 31.
-25
What is the value of 12 + -1 + 1 + -2 - (-459 - -463)?
6
(8 - 0) + (-51 - (-33 + -8))
-2
What is 7 + -27 + -1 + 15?
-6
What is -30 + 39 + -17 + 1?
-7
Calculate 6 + (28 - 27) + (-9 - 3).
-5
Evaluate (12 - (13 - -7)) + -8.
-16
What is the value of -2 + -2 + (15 - 27) + 13 + -28?
-31
-627 + 618 - (-1 + -1 + 2 - 0)
-9
Calculate 41 - (-30 - (-39 - 36)).
-4
What is (20 - 15) + (1 - (4 + 6))?
-4
What is the value of -17 + (-5 - (18 + -13 + -19))?
-8
1 - -7 - (-30 - -36 - 13)
15
Evaluate -5 - (-2 + (5 - 6) - -9).
-11
What is the value of -21 - ((-15 - 26) + 9)?
11
Evaluate -26 + 16 + (42 - 8).
24
What is the value of 2 + (6 + -5 - 0) + -8 + 5?
0
Calculate (-5 - -5) + 6 + 2.
8
(-28 - -12) + -7 + 8 + (-4 - 1)
-20
What is -94 - -91 - (0 + -3)?
0
8 + -36 + 64 + -49
-13
What is 6 - (4 + (4 - 11)) - (93 - 62)?
-22
6 + -9 + 12 - 16
-7
Evaluate -40 - -27 - ((3 - 0) + 6 + -2).
-20
What is 7 - (49 + (12 - 44))?
-10
19 + (38 - (2 - -74))
-19
What is the value of (27 - -1) + -12 + 15 + -27 + 14?
18
What is -5 - -4 - (-279 - -249)?
29
(-5 - -13) + -3 + (-4 - -1)
2
What is the value of (5 - -9 - -2) + -17?
-1
-5 + (3 + (-6 - -3) - 2) + 6
-1
What is the value of (-2 - 8) + 32 + -15 + -5?
2
Calculate 0 - 2 - (-1 + -5 - (19 + -14)).
9
What is -4 - -21 - (3 + 4)?
10
What is 4 - 3 - (7 + (-8 - -15 - 2))?
-11
Evaluate 11 + (37 - (44 + -28)).
32
What is the value of 13 - (-8 + 0 + 13)?
8
Evaluate (-3 - -4) + 34 + (27 - 40).
22
-3 - -6 - (7 - 0 - (38 - 46))
-12
What is the value of -21 + 14 + (-31 - -9 - -12)?
-17
Calculate -12 + -1 - (-589 + 602).
-26
Calculate 3 + -7 + 9 + 2.
7
Calculate -2 + -3 - ((2 - (11 - 5)) + -21).
20
2 + -6 + (-51 + 33 - -16)
-6
(-1 - -2 - 6) + (-107 - -112) - 36
-36
What is -15 - (0 - (-5 + -1) - (-1 - -12))?
-10
Evaluate 15 + (-25 - (6 + -2)).
-14
Evaluate -5 - (-9 + 1 + -38 + 58).
-17
What is 12 + (17 - 6 - 20)?
3
Calculate (-5 - 0 - -7 - -18) + 32 + -41.
11
What is the value of 11 - (-4 + (11 - 11) + 9)?
6
(5 + 4 - 5) + 0 + -5
-1
Evaluate (6 - (-12 + 25)) + 27.
20
What is the value of (-1 - -10) + 65 + -64?
10
What is 8 - (6 - 11) - 5 - (0 - 0)?
8
What is the value of 1 - (0 + (-1 - 2)) - (1 + -7)?
10
Evaluate 25 + -31 - (9 - (3 + 8 + -6)).
-10
Calculate (-13 - (-16 + 5)) + 1 + 2 + -1.
0
(-47 - -23) + 29 - (-1 - (0 + 1))
7
Evaluate -2 - (-5 + (3 - (-4 - 2))).
-6
Calculate (-12 + 10 - 7) + 9 - (7 - -12).
-19
Evaluate 8 - (9 + -3 + (-4 - (6 + -7))).
5
What is the value of 10 - 6 - (5 - (5 + 5) - -1)?
8
What is the value of -19 + -2 + 0 + 1 + (-3 - -8)?
-15
-12 - ((7 - -2) + -8)
-13
Calculate (-11 + 0 - 18 - 14) + 16.
-27
Calculate -3 + -38 + (-519 - -561).
1
Calculate 7 + -22 + 0 - 3 - -6.
-12
(-11 - -22 - 11) + 10
10
What is the value of 266 + -257 - (0 + 2)?
7
What is -27 - ((44 - 20) + -16)?
-35
Evaluate -17 + -1 + -2 + (-9 - -20).
-9
Evaluate 8 + 1 + 1 + -32 + 17 - -28.
23
What is 5 + -5 + 3 + 1 + (-1 - -2)?
5
0 + -4 + (-3 + 6 - (-2 + -1))
2
What is -14 - (-50 + 25) - -17?
28
-228 + 202 + 6 + -18
-38
(6 - (-22 - -38)) + 18
8
Calculate 3 + (-5 - 1 - ((-9 - -47) + -28)).
-13
18 - -1 - (-277 + 303)
-7
What is (-10 - (-18 + 15)) + (-6 + 2 - 4)?
-15
Evaluate -10 + 24 + -8 - -5 - (-4 + -3).
18
What is the value of 0 + 5 - 13 - -7 - 2?
-3
What is the value of -5 + -18 + 16 - 5?
-12
-193 - -213 - (-3 - -4 - -1 - 7)
25
Evaluate (8 - -1) + (-12 - (16 - 19)).
0
Evaluate 1 + -44 - (369 + -434).
22
What is the value of 7 - 19 - (3 + (-13 - -4))?
-6
What is the value of -37 - -1 - ((11 - 41) + 27)?
-33
(-7 - 2) + (5 + 1 - (-103 - -114))
-14
(-3 - 1) + (-57 - (-24 + -6)) + 6
-25
(0 + -1 - (-2 - 5)) + 733 + -739
0
Calculate (13 - 0) + -61 + (22 - 3).
-29
What is the value of -12 + -3 + (-8 + 13 - 10)?
-20
Calculate 30 + -30 + 2 - 24.
-22
What is the value of 5 + 1 + (-350 - -359)?
15
25 + -31 - 16 - (2 + -3 + -5)
-16
What is the value of -6 - -2 - -9 - 3?
2
(21 - 9) + (-4 - 1) - (18 + 8)
-19
Evaluate -5 + -3 + 4 + -3 + 9 + -6.
-4
Evaluate -1 + 4 + (-29 - (-3 + -34)) + 8.
19
What is the value of -27 - (3 + (-37 - -20))?
-13
Evaluate (-12 - 1) + -1 + 0 + 2.
-12
What is (-2 - 0) + 1 - (-41 + 23)?
17
What is the value of -5 + 9 + 1 + (-21 - -16)?
0
What is the value of (-145 - -141) + 2 + 11?
9
Evaluate 8 - (18 + -22 + (-5 - -44)).
-27
What is the value of -19 + 38 + -16 + -1?
2
-2 + -2 + 1 - -8 - (-37 - -16)
26
-99 + 118 - (-1 + 1 + 1)
18
-10 + (10 - (8 + 3))
-11
Evaluate (0 - 41 - -38) + -11 + 1.
-13
Calculate -39 + (5 - (16 + -44)).
-6
Calculate 18 + (18 + 2 - 37).
1
Calculate -305 + 279 - (-1 - 37).
12
Evaluate 14 - 27 - (8 - 12).
-9
Evaluate 3 - (8 - 2 - 11) - 7.
1
-2 + 22 + -9 + -9 + -3
-1
-1 + 27 + (13 - 31) + 3
11
Evaluate (39 - 38) + 7 + -8.
0
What is (6 - 6) + 7 + 6 + -9?
4
What is (-2 - 5) + 3 + 10 + 2?
8
Evaluate 32 - (47 + -14 - -19).
-20
What is the value of -4 - (2 + -5) - (27 - 49)?
21
What is 1 - (-6 - (-1 - -15))?
21
12 - (-9 + 3 + 7 + -1)
12
What is the value of (8 - (-7 - -6)) + (-5 + 14 - 11)?
7
-2 + 22 + 38 + -47
11
What is the value of (26 - 24) + 15 + -1 + -3?
13
Evaluate (3 + -26 - (56 - 57)) + 5.
-17
What is -12 + 22 + -10 + 2 + 3 + 3?
8
Calculate 25 + -1 + (41 - 63).
2
Evaluate -20 + 14 + -12 + 29.
11
-13 + 15 + (-14 - (-8 - -4))
-8
What is 3 + (-16 + 7 - -10) + -1 + 0?
3
Evaluate -6 + (-9 - -2) + 8 - (16 + -1).
-20
What is the value of 28 + 8 + -78 + 30?
-12
27 - (6 - (6 + -1)) - (0 + 6)
20
(-5 - (14 - 26 - (-7 - 0))) + 3
3
What is the value of (23 + -5 - (8 - 3)) + -8?
5
0 - (4 + -4 + -3)
3
Evaluate 13 + (-17 - (13 + -15)).
-2
What is (-20 - -28) + -2 + 1 + -10?
-3
Evaluate 1 - (4 - 5 - (-18 + 29)).
13
What is (-16 - -32) + (-3 - 4) - 7?
2
Evaluate 1 - (3 + 5 + -6 - 7).
6
10 - (-1 - -3) - (-6 + 37 + -3)
-20
Calculate -26 - 7 - ((-3 - 2) + -1 + -4).
-23
Calculate -2 - 0 - (-17 + (29 - 4)).
-10
Evaluate (35 - -7) + (-3 + -2 + -5 - 2).
30
Evaluate -7 + -1 + 2 + -14.
-20
What is 19 + 11 + (-13 - (2 + -11)) + 1?
27
What is 3 + -11 - (3 + -7 - 12) - -10?
18
What is the value of 109 + -112 + -1 + -8?
-12
What is the value of -32 + 14 - (-42 + 8)?
16
(17 + -3 - -4) + 0 - (7 + -3)
14
-8 - 0 - (-8 + 2 - (37 + -38))
-3
0 + -10 - (1 + -26 - -23)
-8
-14 + (17 + -7 - (4 + -1)) + 5
-2
What is the value of 5 + 1 - (-11 + 11) - (3 + -2)?
5
Calculate (-7 - -2) + -1 + (-79 - -105).
20
Calculate (-11 - 14 - (-21 - -9)) + 5.
-8
What is the value of (-53 - (-29 + -13)) + 1 + 8 - 4?
-6
Calculate (-14 - -23) + -14 + 9 - (4 + 2).
-2
What is -1 - -3 - -1 - (-2 + 1 + 3)?
1
What is (-12 + -15 - -16) + 0 + 7?
-4
Evaluate 15 - (12 - -4 - (-1 - -12)).
10
Evaluate 10 - ((7 - -1) + (10 - (38 - 10))).
20
Evaluate 3 - (2 + -21 + 12 + 7).
3
What is 28 - 15 - (17 - -1)?
-5
Evaluate 16 + (-14 - 22) + 14.
-6
What is the value of 10 + (4 + -4 - 2) + 1 + -1?
8
-8 - (-16 - (8 + -14 - -1))
3
What is the value of 22 + (-19 - -14) + 6?
23
Evaluate -5 - (-12 - -27) - (0 + -3 - 6).
-11
Evaluate (3 + -14 - -7) + -8.
-12
What is the value of 2 + -1 + 4 + (-13 - -6) + 18?
16
What is the value of (-7 - 8) + 3 + 1 + 4?
-7
What is the value of (-24 - (-11 + 15 + -13)) + (3 - -1)?
-11
Evaluate 16 + (36 - (29 - 10)).
33
What is 3 + -11 + 3 + -3 - -13?
5
Evaluate 0 + 11 + 49 + -67.
-7
Calculate 11 + 1 + (-3 - 2) + -2 - -5.
10
Evaluate 8 + -6 + 6 + -1 - -3.
10
W